38*z**2 + 14*z + 1. Is l(s) prime?
False
Let o = -52571 - -88160. Is o prime?
False
Suppose u + 7 = -b + 5*u, 17 = 4*b - u. Suppose 4*g = 3 + b. Suppose -5*w - g*r + 480 = 3*r, -2*w + 187 = r. Is w a prime number?
False
Suppose 115*s - 7216632 - 6445943 = 0. Is s composite?
True
Let j = -3169 + 181. Let p = -2065 - j. Suppose 0 = -5*k + 4*k + p. Is k prime?
False
Let x(g) = g**3 - 16*g**2 - 2*g + 29. Let m be x(16). Let s = 2 + m. Is ((13 + 4)*4)/(s - -3) a prime number?
False
Is -7 + (-78958860)/(-200) + (-3)/10 composite?
False
Let m(u) = 8*u**3 - 13*u**2 + 40*u - 363. Is m(16) composite?
False
Let p(d) be the first derivative of -3*d**4/2 - 8*d**3/3 + 7*d**2 - 59*d + 84. Is p(-15) prime?
True
Suppose 0*w - 3*w + 48 = 0. Suppose -w*z + 6 = -13*z. Is z*(2 - 1)*(-470)/(-4) composite?
True
Suppose -4*r + 1459900 = 4*j, 1061*j = -4*r + 1058*j + 1459904. Is r a prime number?
True
Let s = -2408 + 3395. Let h(m) = 232*m**2 + 436*m - 881. Let t be h(2). Suppose -2*x + s = -t. Is x a composite number?
False
Let r be ((-6)/4)/(69/(-230)). Suppose 5 = -6*t + 17. Suppose -2*y - 2670 = -2*s, -2*s - 4007 = -r*s + t*y. Is s composite?
True
Let f(c) = 15*c**3 + 6*c**2 + 4*c - 1. Let i(a) = -a**3 - 2*a**2 - a. Let m(k) = -f(k) - 5*i(k). Is m(-2) composite?
True
Let h be 474/(-54) + 9 + (-34)/(-9). Suppose -18*w + 4*f + 6776 = -14*w, 0 = -2*w + h*f + 3390. Is w a prime number?
True
Let w(h) = 2316*h**3 - 6*h + 3. Let q(i) = -772*i**3 + 2*i - 1. Let m(z) = 17*q(z) + 6*w(z). Let g be m(1). Suppose 0 = -a - 0*a + g. Is a prime?
False
Let t(l) = 14298*l + 427. Is t(4) a prime number?
False
Is ((-80)/(-320))/(3 + 936742/(-312248)) composite?
True
Let i be (-6)/(-9) + 10654/3. Let s = -110 + i. Suppose -6*b + 2744 = -s. Is b a prime number?
True
Let b = 145803 - 70372. Is b a composite number?
False
Let k = 9490 + 108897. Is k prime?
True
Suppose -4*o = 5*g - 18162, 4*o + 0*o - 18160 = -4*g. Suppose -o = x - 4*x - w, -x = 4*w - 1531. Is x prime?
True
Suppose 0 = j + 3*f - 104318 - 78473, -4*j = -4*f - 731228. Is j a composite number?
False
Suppose -60713343 - 7558102 = -72*s + 1763891. Is s a composite number?
True
Let t(g) be the third derivative of -371*g**4/24 + 4*g**3/3 + 6*g**2. Let p be t(-7). Suppose 5*z = -0*z + p. Is z a composite number?
False
Let z = 116 - 104. Is (-8)/(z/(-3)) - -6999 a prime number?
True
Let t(w) = 31*w**3 + w**2 - 3*w - 2. Let m(b) = 156*b**3 + 6*b**2 - 16*b - 10. Let f(p) = 2*m(p) - 11*t(p). Let r be -2 + 6/2 + -6. Is f(r) a prime number?
False
Is -47626*(27/(-6) + 1) composite?
True
Is 8 - 3/(-9 - (-1502688)/166966) prime?
False
Let d = -3380857 - -4943940. Is d a composite number?
False
Suppose 24*j - 1347154 - 159254 = 0. Is j composite?
True
Suppose 5 = -2*l - 61. Let v = -8 - l. Suppose -21*q + v*q - 1172 = 0. Is q a composite number?
False
Suppose -4*b - b + 2*s - 32034 = 0, 6414 = -b + 4*s. Is b/10*(12 + -17) prime?
True
Is ((-42614)/26 + -2)/(3/(-347)) prime?
False
Let z = 51 + -31. Let n(o) = -197*o + 29*o + 15 - 26*o - z. Is n(-4) a prime number?
False
Is 8 + 317970*(82/615 + (-11)/(-30)) composite?
False
Let s(y) = y**2 - 3*y + 3. Let w be s(4). Suppose -w*u + 518 = -462. Suppose -u = -4*n - 5*h, 0*n + h + 140 = 4*n. Is n prime?
False
Suppose 19*a = -60*a + 4354559. Is a a prime number?
False
Let s = -333 - -338. Suppose -2*d = -s*y + 22465, -7*d + 9*d - 22465 = -5*y. Is y a prime number?
True
Let z = 66714 - 38591. Is z composite?
False
Suppose -x + 76 + 116 = -d, -4*d = 8. Let c(j) = -x*j - 1746*j - 107*j + 10. Is c(-3) prime?
False
Let k = -924 - -543. Let s = 2589 + k. Suppose -488 - s = -4*o + 5*z, -o = -3*z - 681. Is o a prime number?
False
Is (12/8*(-21)/63)/((-1)/1951514) a composite number?
True
Let a(o) = 7*o**2 - 4*o + 15. Let v be a(6). Suppose 3*z + 6 = z, -2*z - v = -p. Is p a composite number?
True
Let n(l) = l - 21. Let m be n(21). Suppose 0 = -2*k + 4*h - 10, 0 = -m*k - 2*k - 3*h + 18. Suppose 0 = -k*r + r + 4*b + 228, 0 = -r + 4*b + 122. Is r composite?
True
Suppose 2*c + 63 = 23*c. Suppose 0 = -2*t - c*z + 239635, -5*t + 14*z - 10*z = -599099. Is t a composite number?
True
Suppose 666 = -3*i - 3369. Let u = -948 - i. Is u a prime number?
True
Suppose -9*i + 7*i = 8, 0 = -2*t + 5*i + 26. Suppose -v = 3*g - 2159, -7*v = -t*g - 3*v + 2149. Is g composite?
False
Suppose 0 = 3*b + 24 - 6. Is (-5)/((-5)/4634) + (b - -9) a composite number?
False
Let f = 23 - 21. Suppose 0 = -3*m + f*d + 10, -3*d = -d - 2. Suppose -m*o = -o - 633. Is o composite?
False
Let b(w) = -6*w**3 + 6*w**2 + 10*w. Let x be b(-6). Suppose x = 7*u - 501. Suppose 1051 = 5*d + 2*k, -3*d + 364 = -5*k - u. Is d a prime number?
True
Let z(h) = -8*h**3 + 3*h**2 - 24*h + 31. Let p = -112 - -104. Is z(p) a composite number?
True
Let u = 2053351 + -576205. Suppose -47*j - 410575 + u = 0. Is j composite?
True
Suppose -9 = 30*f - 33*f. Let t(q) = -6*q**2 - 2*q + 5. Let c be t(f). Let i = c - -92. Is i a composite number?
False
Suppose -3166 = -n + 12355. Suppose -3*a - 5*v = -7*a + 20736, 3*a = -4*v + n. Is a a prime number?
True
Let s(z) = 5109*z**3 - z**2 - 2*z + 2. Let t be s(1). Suppose -2*n - a + 5995 = 895, -2*n = -3*a - t. Is n prime?
True
Let o(c) = c - 5. Let d(x) = -x**3 - 4*x**2 - 5*x - 4. Let r be d(-4). Let j be o(r). Suppose 0 = -z + j + 74. Is z prime?
False
Suppose -5*a - 5 = 0, -3*d - a - 19 = -6*a. Let v(l) = -10*l**3 - 11*l**2 - 8*l - 37. Is v(d) composite?
True
Let w = -13573 - -34050. Is w composite?
False
Let a = 70 + -71. Is (-12)/8*(-5714)/(-3)*a a composite number?
False
Let x = -35 + 57. Suppose -3364 + 148278 = x*j. Is j a prime number?
False
Is 1*12 + 217524 + 5 a prime number?
False
Let w(t) = 839*t**2 - 2*t. Suppose 0 = 4*q - 2*h + 288, 10 + 56 = -q - h. Let d = q + 69. Is w(d) a prime number?
False
Let p be (39 - -1 - 6)*479/2. Let w = p + -3872. Is w prime?
True
Suppose 5*b - 305 = -4*a, 5*a + 3*b - 319 = 46. Is ((-13038)/(-5))/(28/a) + 2 prime?
True
Is 42548 + 0/(64/(-8)) - -3 composite?
True
Let l(h) = -h - 102. Let a be l(15). Let z = 1076 + a. Is z prime?
False
Let p(j) = -196*j**2 + 6*j + 25. Let h(a) = -196*a**2 + 5*a + 25. Let b(n) = 2*h(n) - 3*p(n). Is b(11) a prime number?
True
Let h(r) = 28*r**3 - 25*r**2 + 39*r + 19. Is h(8) composite?
True
Let s(a) = 271*a + 9. Let b be s(3). Suppose 3*z = -2*x + 4*z + b, 4 = z. Suppose -x = -5*k - 148. Is k composite?
False
Let q = -58415 - -129606. Is q prime?
True
Let z be 22 + 1 + (4 - 1). Let w = z - 27. Let b(l) = 439*l**2 - l - 1. Is b(w) a composite number?
False
Let m be (26/(-22) - 12/(-66))*-4. Suppose m*g - 3*g + 31 = 2*u, -g - 3 = 0. Let z(c) = -c**3 + 17*c**2 - 26*c - 3. Is z(u) prime?
False
Let p(u) = 870*u**2 + 30*u + 5. Is p(30) prime?
False
Let s be 20/14 - (-8)/14. Suppose x + 4*b = 3060, -3*x = b + s*b - 9225. Suppose 3*y + 4*f = 4621, -6*y - 3*f + x = -4*y. Is y a composite number?
False
Let n(i) = 9*i**2 + 150*i + 77. Is n(40) a prime number?
True
Let a = 1968 - -7535. Suppose -2*k + a = -15711. Suppose -3*f = -10*f + k. Is f prime?
True
Let s be (4 - 801/2)/(1/6). Let b = 3372 + s. Let x = b + 116. Is x prime?
True
Suppose -13025 = s - 6*s. Let q be (20/(-15))/(12/(-27)). Suppose -4*t + s = -q*i, -2*i + 6 = -4*i. Is t composite?
True
Suppose 5*j - 897384 = 290081. Is j composite?
True
Let p(y) = -2*y**3 + 12*y**2 - 11*y + 8. Let f be p(17). Let l = 3587 + f. Is 18/63 - l/14 prime?
True
Let k be -3395 - 0 - 1*0/4. Let z = -186 - k. Is z a composite number?
False
Suppose 2*h = -2*c + c - 1340, -3*h - 6735 = 5*c. Suppose -3*p + 2*i + 8589 = 0, 0 = p - 5*i - 547 - 2316. Let r = p + c. Is r composite?
True
Let b(v) = 242703*v + 950. Is b(1) a composite number?
True
Is 1/(-2) + (-18)/36 + 59568 + 6 prime?
False
Let y be (4 + (-44)/(-4))*(-2)/(-3). Suppose 3*j + d = y, -6 = j + 4*d + 9. Is (0 + 17)/(j/155) prime?
False
Suppose 7*x - 122768 + 16014 = 22669. Is x a prime number?
False
Let n(r) = -8*r**3 - 3*r**2 - 2*r + 11. Let v be n(-5). Let d = -4809 - v. Let z = -4062 - d. Is z a prime number?
True
Let l be 2/8 - 45126/(-8). Let c = -2702 + l. Is c composite?
False
Suppose 4*z - 227317 = 4*q - 15881, 5*z - 264235 = -5*q. Is z composite?
True
Suppose 21 = 3*d + 9. Suppose -2638 - 1654 = -d*o. Let w = 1816 - o. Is w a composite number?
False
Let i(y) = 